t of 8171?
7
What is the tens digit of 146?
4
What is the hundreds digit of 1107?
1
What is the ten thousands digit of 11880?
1
What is the tens digit of 2957?
5
What is the units digit of 3313?
3
What is the ten thousands digit of 20626?
2
What is the units digit of 4417?
7
What is the ten thousands digit of 40695?
4
What is the units digit of 462?
2
What is the thousands digit of 4189?
4
What is the tens digit of 1140?
4
What is the hundreds digit of 3663?
6
What is the units digit of 558?
8
What is the hundreds digit of 685?
6
What is the thousands digit of 124239?
4
What is the thousands digit of 1614?
1
What is the hundreds digit of 29088?
0
What is the ten thousands digit of 19661?
1
What is the thousands digit of 1284?
1
What is the hundreds digit of 10801?
8
What is the units digit of 6686?
6
What is the hundreds digit of 1137?
1
What is the tens digit of 148?
4
What is the tens digit of 448?
4
What is the units digit of 31457?
7
What is the thousands digit of 8044?
8
What is the thousands digit of 11346?
1
What is the tens digit of 28956?
5
What is the units digit of 4815?
5
What is the hundreds digit of 93303?
3
What is the tens digit of 114079?
7
What is the ten thousands digit of 20564?
2
What is the thousands digit of 92318?
2
What is the ten thousands digit of 14671?
1
What is the thousands digit of 74422?
4
What is the units digit of 1758?
8
What is the units digit of 7730?
0
What is the hundreds digit of 779?
7
What is the thousands digit of 3293?
3
What is the units digit of 5766?
6
What is the hundreds digit of 1771?
7
What is the tens digit of 4039?
3
What is the hundreds digit of 802?
8
What is the ten thousands digit of 57844?
5
What is the thousands digit of 3324?
3
What is the units digit of 1148?
8
What is the tens digit of 8149?
4
What is the hundreds digit of 936?
9
What is the thousands digit of 1117?
1
What is the tens digit of 3357?
5
What is the units digit of 52998?
8
What is the thousands digit of 4271?
4
What is the ten thousands digit of 37620?
3
What is the units digit of 3949?
9
What is the thousands digit of 2158?
2
What is the hundreds digit of 801?
8
What is the hundreds digit of 11783?
7
What is the tens digit of 244?
4
What is the units digit of 25840?
0
What is the units digit of 8966?
6
What is the hundreds digit of 8105?
1
What is the thousands digit of 6010?
6
What is the tens digit of 2836?
3
What is the hundreds digit of 4210?
2
What is the tens digit of 51627?
2
What is the tens digit of 340?
4
What is the thousands digit of 8077?
8
What is the thousands digit of 1441?
1
What is the tens digit of 469?
6
What is the hundreds digit of 63754?
7
What is the tens digit of 150668?
6
What is the units digit of 4024?
4
What is the hundreds digit of 3171?
1
What is the units digit of 3187?
7
What is the hundreds digit of 29484?
4
What is the units digit of 1944?
4
What is the units digit of 1422?
2
What is the hundreds digit of 1318?
3
What is the ten thousands digit of 43699?
4
What is the ten thousands digit of 17868?
1
What is the hundreds digit of 21635?
6
What is the hundreds digit of 85590?
5
What is the tens digit of 3274?
7
What is the hundreds digit of 5725?
7
What is the thousands digit of 5298?
5
What is the ten thousands digit of 11180?
1
What is the hundreds digit of 1602?
6
What is the hundreds digit of 78449?
4
What is the hundreds digit of 802?
8
What is the tens digit of 256?
5
What is the thousands digit of 9623?
9
What is the units digit of 70695?
5
What is the hundreds digit of 927?
9
What is the tens digit of 225?
2
What is the units digit of 2031?
1
What is the units digit of 2913?
3
What is the tens digit of 28498?
9
What is the hundreds digit of 24717?
7
What is the hundreds digit of 8624?
6
What is the thousands digit of 2483?
2
What is the units digit of 14844?
4
What is the hundreds digit of 840?
8
What is the hundreds digit of 2171?
1
What is the tens digit of 13921?
2
What is the tens digit of 467?
6
What is the units digit of 7151?
1
What is the units digit of 4306?
6
What is the hundreds digit of 170520?
5
What is the units digit of 6365?
5
What is the units digit of 4641?
1
What is the thousands digit of 159524?
9
What is the thousands digit of 1915?
1
What is the hundreds digit of 117?
1
What is the units digit of 215?
5
What is the hundreds digit of 561?
5
What is the tens digit of 935?
3
What is the tens digit of 3036?
3
What is the tens digit of 228?
2
What is the ten thousands digit of 46692?
4
What is the tens digit of 1537?
3
What is the units digit of 137929?
9
What is the units digit of 990?
0
What is the units digit of 303?
3
What is the thousands digit of 40249?
0
What is the hundreds digit of 109?
1
What is the hundred thousands digit of 122321?
1
What is the units digit of 88003?
3
What is the thousands digit of 29965?
9
What is the units digit of 30695?
5
What is the units digit of 6219?
9
What is the ten thousands digit of 30849?
3
What is the units digit of 3836?
6
What is the tens digit of 21614?
1
What is the units digit of 4169?
9
What is the hundreds digit of 7604?
6
What is the hundreds digit of 3035?
0
What is the hundreds digit of 7398?
3
What is the ten thousands digit of 48754?
4
What is the ten thousands digit of 11397?
1
What is the units digit of 10034?
4
What is the tens digit of 3682?
8
What is the hundreds digit of 2869?
8
What is the thousands digit of 48235?
8
What is the units digit of 4108?
8
What is the hundreds digit of 618?
6
What is the tens digit of 32703?
0
What is the hundreds digit of 5138?
1
What is the tens digit of 5048?
4
What is the tens digit of 1870?
7
What is the hundreds digit of 1185?
1
What is the hundreds digit of 1077?
0
What is the ten thousands digit of 46556?
4
What is the tens digit of 34839?
3
What is the hundreds digit of 26955?
9
What is the units digit of 3207?
7
What is the tens digit of 16?
1
What is the tens digit of 1143?
4
What is the ten thousands digit of 25604?
2
What is the units digit of 6419?
9
What is the units digit of 17886?
6
What is the units digit of 45493?
3
What is the ten thousands digit of 22252?
2
What is the hundreds digit of 2132?
1
What is the tens digit of 3191?
9
What is the thousands digit of 21674?
1
What is the units digit of 396?
6
What is the hundreds digit of 3411?
4
What is the thousands digit of 2025?
2
What is the hundreds digit of 16109?
1
What is the hundreds digit of 9031?
0
What is the tens digit of 3443?
4
What is the thousands digit of 32920?
2
What is the hundreds digit of 792?
7
What is the thousands digit of 6308?
6
What is the units digit of 9419?
9
What is the tens digit of 424?
2
What is the tens digit of 26?
2
What is the tens digit of 733?
3
What is the units digit of 89?
9
What is the ten thousands digit of 27167?
2
What is the thousands digit of 4264?
4
What is the hundreds digit of 304?
3
What is the units digit of 6592?
2
What is the hundreds digit of 681?
6
What is the units digit of 13567?
7
What is the tens digit of 30674?
7
What is the hundreds digit of 3991?
9
What is the thousands digit of 18955?
8
What is the thousands digit of 116231?
6
What is the ten thousands digit of 15715?
1
What is the thousands digit of 19019?
9
What is the units digit of 7032?
2
What is the hundreds digit of 3225?
2
What is the units digit of 1480?
0
What is the tens digit of 69101?
0
What is the hundreds digit of 1032?
0
What is the ten thousands digit of 118658?
1
What is the hundreds digit of 4243?
2
What is the thousands digit of 1139?
1
What is the thousands digit of 3050?
3
What is the thousands digit of 2082?
2
What is the thousands digit of 3183?
3
What is the ten thousands digit of 19856?
1
What is the tens digit of 118?
1
What is the hundreds digit of 207396?
3
What is the units digit of 5472?
2
What is the thousands digit of 6259?
6
What is the thousands digit of 7972?
7
What is the ten thousands digit of 14140?
1
What is the thousands digit of 4440?
4
What is the units digit of 12629?
9
What is the hundreds digit of 93505?
5
What is the hundreds digit of 3793?
7
What is the thousands digit of 5141?
5
What is the hundreds digit of 9622?
6
What is the ten thousands digit of 33209?
3
What is the hundreds digit of 16111?
1
What is the hundreds digit of 4389?
3
Wh